3?
0
What is the tens digit of 2036?
3
What is the units digit of 2531?
1
What is the hundreds digit of 631?
6
What is the thousands digit of 14470?
4
What is the hundreds digit of 1275?
2
What is the hundreds digit of 790?
7
What is the tens digit of 1588?
8
What is the hundreds digit of 124408?
4
What is the tens digit of 28424?
2
What is the hundreds digit of 20252?
2
What is the thousands digit of 9216?
9
What is the tens digit of 283?
8
What is the thousands digit of 6082?
6
What is the tens digit of 169?
6
What is the thousands digit of 9776?
9
What is the hundreds digit of 27348?
3
What is the units digit of 52387?
7
What is the thousands digit of 3005?
3
What is the units digit of 349?
9
What is the tens digit of 1239?
3
What is the tens digit of 555?
5
What is the tens digit of 926?
2
What is the hundreds digit of 4262?
2
What is the ten thousands digit of 47676?
4
What is the units digit of 728?
8
What is the thousands digit of 1048?
1
What is the hundreds digit of 1708?
7
What is the units digit of 150?
0
What is the tens digit of 8389?
8
What is the thousands digit of 111607?
1
What is the units digit of 38751?
1
What is the ten thousands digit of 14069?
1
What is the hundreds digit of 41817?
8
What is the units digit of 14266?
6
What is the units digit of 93744?
4
What is the units digit of 577?
7
What is the hundreds digit of 1898?
8
What is the ten thousands digit of 56401?
5
What is the units digit of 657?
7
What is the units digit of 976?
6
What is the thousands digit of 3363?
3
What is the thousands digit of 24921?
4
What is the units digit of 21425?
5
What is the units digit of 6478?
8
What is the ten thousands digit of 129309?
2
What is the hundreds digit of 2824?
8
What is the hundreds digit of 828?
8
What is the units digit of 5860?
0
What is the units digit of 6507?
7
What is the thousands digit of 2791?
2
What is the units digit of 17505?
5
What is the hundreds digit of 3927?
9
What is the units digit of 5658?
8
What is the hundreds digit of 11818?
8
What is the hundreds digit of 32716?
7
What is the units digit of 145?
5
What is the units digit of 13472?
2
What is the thousands digit of 14631?
4
What is the tens digit of 124?
2
What is the tens digit of 2437?
3
What is the thousands digit of 3653?
3
What is the tens digit of 126240?
4
What is the thousands digit of 21497?
1
What is the tens digit of 27742?
4
What is the units digit of 24407?
7
What is the hundreds digit of 1395?
3
What is the tens digit of 132281?
8
What is the tens digit of 686?
8
What is the hundreds digit of 665?
6
What is the units digit of 3884?
4
What is the tens digit of 1132?
3
What is the hundreds digit of 3642?
6
What is the tens digit of 1627?
2
What is the units digit of 42073?
3
What is the units digit of 7826?
6
What is the tens digit of 679?
7
What is the thousands digit of 38557?
8
What is the units digit of 6025?
5
What is the tens digit of 8433?
3
What is the units digit of 68146?
6
What is the units digit of 14661?
1
What is the units digit of 304?
4
What is the thousands digit of 5248?
5
What is the tens digit of 2866?
6
What is the hundreds digit of 69050?
0
What is the hundreds digit of 49472?
4
What is the units digit of 5097?
7
What is the tens digit of 753?
5
What is the thousands digit of 7038?
7
What is the tens digit of 553?
5
What is the units digit of 30167?
7
What is the units digit of 1442?
2
What is the units digit of 116635?
5
What is the units digit of 96794?
4
What is the thousands digit of 65696?
5
What is the thousands digit of 8263?
8
What is the tens digit of 1118?
1
What is the units digit of 1392?
2
What is the tens digit of 9605?
0
What is the units digit of 732?
2
What is the tens digit of 3192?
9
What is the tens digit of 1230?
3
What is the units digit of 2654?
4
What is the tens digit of 852?
5
What is the hundreds digit of 19648?
6
What is the units digit of 73844?
4
What is the units digit of 22602?
2
What is the tens digit of 1246?
4
What is the thousands digit of 1656?
1
What is the tens digit of 40547?
4
What is the tens digit of 2966?
6
What is the units digit of 7967?
7
What is the hundreds digit of 28368?
3
What is the thousands digit of 52682?
2
What is the tens digit of 663?
6
What is the thousands digit of 63112?
3
What is the ten thousands digit of 42075?
4
What is the tens digit of 64?
6
What is the tens digit of 16573?
7
What is the hundreds digit of 130220?
2
What is the hundreds digit of 1081?
0
What is the hundreds digit of 23929?
9
What is the hundreds digit of 52229?
2
What is the tens digit of 1003?
0
What is the tens digit of 7085?
8
What is the hundreds digit of 27283?
2
What is the hundreds digit of 22557?
5
What is the thousands digit of 9451?
9
What is the ten thousands digit of 17686?
1
What is the thousands digit of 23699?
3
What is the hundreds digit of 8112?
1
What is the units digit of 3145?
5
What is the ten thousands digit of 33945?
3
What is the hundreds digit of 18067?
0
What is the thousands digit of 18566?
8
What is the units digit of 827?
7
What is the units digit of 6827?
7
What is the thousands digit of 6104?
6
What is the ten thousands digit of 65950?
6
What is the thousands digit of 23107?
3
What is the tens digit of 91?
9
What is the hundreds digit of 6032?
0
What is the tens digit of 7513?
1
What is the tens digit of 36?
3
What is the hundreds digit of 7707?
7
What is the units digit of 3380?
0
What is the units digit of 1898?
8
What is the units digit of 234?
4
What is the tens digit of 5204?
0
What is the thousands digit of 14491?
4
What is the thousands digit of 5405?
5
What is the tens digit of 24317?
1
What is the units digit of 142009?
9
What is the units digit of 478?
8
What is the hundred thousands digit of 110133?
1
What is the ten thousands digit of 19285?
1
What is the units digit of 1204?
4
What is the units digit of 2162?
2
What is the thousands digit of 5958?
5
What is the hundreds digit of 2677?
6
What is the thousands digit of 39707?
9
What is the hundreds digit of 124836?
8
What is the tens digit of 978?
7
What is the hundreds digit of 5460?
4
What is the units digit of 137059?
9
What is the hundreds digit of 3194?
1
What is the ten thousands digit of 65226?
6
What is the hundreds digit of 24106?
1
What is the thousands digit of 3774?
3
What is the thousands digit of 60338?
0
What is the hundreds digit of 1408?
4
What is the hundred thousands digit of 146673?
1
What is the thousands digit of 1024?
1
What is the units digit of 58?
8
What is the units digit of 136?
6
What is the ten thousands digit of 15073?
1
What is the units digit of 4594?
4
What is the units digit of 4917?
7
What is the hundreds digit of 89904?
9
What is the units digit of 696?
6
What is the thousands digit of 1503?
1
What is the tens digit of 120?
2
What is the tens digit of 102102?
0
What is the tens digit of 10836?
3
What is the tens digit of 1252?
5
What is the hundreds digit of 507?
5
What is the ten thousands digit of 44703?
4
What is the hundreds digit of 69610?
6
What is the units digit of 1175?
5
What is the tens digit of 781?
8
What is the units digit of 2233?
3
What is the hundreds digit of 179?
1
What is the thousands digit of 8618?
8
What is the units digit of 65713?
3
What is the tens digit of 4238?
3
What is the hundreds digit of 910?
9
What is the hundreds digit of 122614?
6
What is the tens digit of 3842?
4
What is the units digit of 893?
3
What is the tens digit of 2404?
0
What is the units digit of 1241?
1
What is the hundreds digit of 9440?
4
What is the hundreds digit of 1772?
7
What is the thousands digit of 64954?
4
What is the tens digit of 384?
8
What is the units digit of 4078?
8
What is the units digit of 4898?
8
What is the tens digit of 1099?
9
What is the thousands digit of 30980?
0
What is the units digit of 26782?
2
What is the tens digit of 1035?
3
What is the units digit of 23899?
9
What is the hundreds digit of 1379?
3
What is the tens digit of 41374?
7
What is the tens digit of 406?
0
What is the tens digit of 90263?
6
What is the tens digit of 2631?
3
What is the units digit of 73736?
6
What is the hundreds digit of 585?
5
What is the hundreds digit of 23143?
1
What is the units digit of 59286?
6
What is the thousands digit of 23291?
3
W